{"id":1888,"date":"2019-03-19T13:10:17","date_gmt":"2019-03-19T13:10:17","guid":{"rendered":"https:\/\/terranovasteel.ca\/?post_type=product&#038;p=1888"},"modified":"2023-09-12T17:30:30","modified_gmt":"2023-09-12T17:30:30","slug":"360yellowbrass","status":"publish","type":"product","link":"https:\/\/terranovasteel.ca\/wpFrench\/product\/360yellowbrass\/","title":{"rendered":"LAITON 360 LAITON JAUNE"},"content":{"rendered":"\t\t<div data-elementor-type=\"product-post\" data-elementor-id=\"1888\" class=\"elementor elementor-1888\" data-elementor-post-type=\"product\">\n\t\t\t\t\t\t<section class=\"elementor-section elementor-top-section elementor-element elementor-element-6b0c2b0 elementor-section-boxed elementor-section-height-default elementor-section-height-default\" data-id=\"6b0c2b0\" data-element_type=\"section\" data-e-type=\"section\">\n\t\t\t\t\t\t<div class=\"elementor-container elementor-column-gap-default\">\n\t\t\t\t\t<div class=\"elementor-column elementor-col-100 elementor-top-column elementor-element elementor-element-c0a250a\" data-id=\"c0a250a\" data-element_type=\"column\" data-e-type=\"column\">\n\t\t\t<div class=\"elementor-widget-wrap elementor-element-populated\">\n\t\t\t\t\t\t<div class=\"elementor-element elementor-element-0de4d86 elementor-widget elementor-widget-heading\" data-id=\"0de4d86\" data-element_type=\"widget\" data-e-type=\"widget\" data-widget_type=\"heading.default\">\n\t\t\t\t<div class=\"elementor-widget-container\">\n\t\t\t\t\t<h3 class=\"elementor-heading-title elementor-size-default\">360 laiton \u2013 36000 laiton jaune<\/h3>\t\t\t\t<\/div>\n\t\t\t\t<\/div>\n\t\t\t\t\t<\/div>\n\t\t<\/div>\n\t\t\t\t\t<\/div>\n\t\t<\/section>\n\t\t\t\t<section class=\"elementor-section elementor-top-section elementor-element elementor-element-c325343 elementor-section-boxed elementor-section-height-default elementor-section-height-default\" data-id=\"c325343\" data-element_type=\"section\" data-e-type=\"section\">\n\t\t\t\t\t\t<div class=\"elementor-container elementor-column-gap-default\">\n\t\t\t\t\t<div class=\"elementor-column elementor-col-100 elementor-top-column elementor-element elementor-element-e79ae82\" data-id=\"e79ae82\" data-element_type=\"column\" data-e-type=\"column\">\n\t\t\t<div class=\"elementor-widget-wrap elementor-element-populated\">\n\t\t\t\t\t\t<div class=\"elementor-element elementor-element-020924c elementor-widget elementor-widget-text-editor\" data-id=\"020924c\" data-element_type=\"widget\" data-e-type=\"widget\" data-widget_type=\"text-editor.default\">\n\t\t\t\t<div class=\"elementor-widget-container\">\n\t\t\t\t\t\t\t\t\t<p style=\"font-weight: 400;\"><strong>36000 laiton<\/strong> ( 360 ) est hautement usinable principalement due \u00e0 son contient de plomb. Comme tel \u00a0\u00a0\u00a0\u00a0c\u2019est commun\u00e9ment utiliser pour des attaches ( boulons et vis ect\u2026 ) ainsi que pi\u00e8ces d\u2019 autos , corps de capteurs ect\u2026 Il produit une superbe finition et tr\u00e8s durable pour un mat\u00e9riau de cette r\u00e9sistance. C\u2019 est un m\u00e9tal doux et ductile qui s\u2019 usine tr\u00e8s facilement. Il est utiliser en g\u00e9n\u00e9ral pour les applications de machine \u00e0 vis ainsi que les productions \u00e0 haut volume. Le 360 \u00e0 une notation d\u2019 usinage de 100% \u00e7a lui permet d\u2019\u00eatre utiliser dans de grandes capacit\u00e9s pour n\u2019importe quelle travail sur les machines \u00e0 vis.<\/p><p style=\"font-weight: 400;\">Applications typiques inclus ; produits de plomberie , raccords , tiges de soupapes et divers autres pi\u00e8ces de machine \u00e0 vis<\/p>\t\t\t\t\t\t\t\t<\/div>\n\t\t\t\t<\/div>\n\t\t\t\t\t<\/div>\n\t\t<\/div>\n\t\t\t\t\t<\/div>\n\t\t<\/section>\n\t\t\t\t<section class=\"elementor-section elementor-top-section elementor-element elementor-element-5b1c111 elementor-section-boxed elementor-section-height-default elementor-section-height-default\" data-id=\"5b1c111\" data-element_type=\"section\" data-e-type=\"section\">\n\t\t\t\t\t\t<div class=\"elementor-container elementor-column-gap-default\">\n\t\t\t\t\t<div class=\"elementor-column elementor-col-100 elementor-top-column elementor-element elementor-element-2f44c5d\" data-id=\"2f44c5d\" data-element_type=\"column\" data-e-type=\"column\">\n\t\t\t<div class=\"elementor-widget-wrap elementor-element-populated\">\n\t\t\t\t\t\t<div class=\"elementor-element elementor-element-fc1d38a elementor-widget elementor-widget-button\" data-id=\"fc1d38a\" data-element_type=\"widget\" data-e-type=\"widget\" data-widget_type=\"button.default\">\n\t\t\t\t<div class=\"elementor-widget-container\">\n\t\t\t\t\t\t\t\t\t<div class=\"elementor-button-wrapper\">\n\t\t\t\t\t<a class=\"elementor-button elementor-button-link elementor-size-sm\" href=\"https:\/\/terranovasteel.ca\/wpFrench\/quote\/\">\n\t\t\t\t\t\t<span class=\"elementor-button-content-wrapper\">\n\t\t\t\t\t\t\t\t\t<span class=\"elementor-button-text\">Demander un devis<\/span>\n\t\t\t\t\t<\/span>\n\t\t\t\t\t<\/a>\n\t\t\t\t<\/div>\n\t\t\t\t\t\t\t\t<\/div>\n\t\t\t\t<\/div>\n\t\t\t\t\t<\/div>\n\t\t<\/div>\n\t\t\t\t\t<\/div>\n\t\t<\/section>\n\t\t\t\t<\/div>\n\t\t","protected":false},"excerpt":{"rendered":"<p style=\"font-weight: 400;\">Terra Nova Steel &amp; Iron sont fier d\u2019annoncer comme chef de file dans la distribution de DURA-BAR fonte en coul\u00e9e continue et bronze nous avons ajouter le laiton en barres ( 360 ) \u00a0comme nouveau article pour mieux servir notre client\u00e8le.<\/p>\n<p style=\"font-weight: 400;\">Notre laiton est disponible en plusieurs grades incluant C360 et C464 en formats\u00a0; rond , hex et rectangle. Nous stockons aussi le C464 laiton naval.<\/p>\n<p class=\"SubSub\"><span style=\"font-weight: 400;\">Notre syst\u00e8me d\u2019 approvisionnement JIT nous permets de servir les demandes de nos clients \u00e0 temps tout le temps<\/span><\/p>\n<p class=\"SubSub\"><img fetchpriority=\"high\" decoding=\"async\" class=\"wp-image-2580 size-full aligncenter\" src=\"https:\/\/terranovasteel.ca\/wpFrench\/wp-content\/uploads\/2019\/03\/Brass_Stock_360.png\" alt=\"\" width=\"953\" height=\"3982\" srcset=\"https:\/\/terranovasteel.ca\/wpFrench\/wp-content\/uploads\/2019\/03\/Brass_Stock_360.png 953w, https:\/\/terranovasteel.ca\/wpFrench\/wp-content\/uploads\/2019\/03\/Brass_Stock_360-72x300.png 72w, https:\/\/terranovasteel.ca\/wpFrench\/wp-content\/uploads\/2019\/03\/Brass_Stock_360-768x3209.png 768w, https:\/\/terranovasteel.ca\/wpFrench\/wp-content\/uploads\/2019\/03\/Brass_Stock_360-245x1024.png 245w, https:\/\/terranovasteel.ca\/wpFrench\/wp-content\/uploads\/2019\/03\/Brass_Stock_360-624x2607.png 624w, https:\/\/terranovasteel.ca\/wpFrench\/wp-content\/uploads\/2019\/03\/Brass_Stock_360-370x1546.png 370w\" sizes=\"(max-width: 953px) 100vw, 953px\" \/><\/p>\n","protected":false},"featured_media":1903,"template":"","meta":[],"product_brand":[],"product_cat":[90,82,109,69],"product_tag":[91,92,93],"class_list":{"0":"post-1888","1":"product","2":"type-product","3":"status-publish","4":"has-post-thumbnail","6":"product_cat-brass","7":"product_cat-bronze-bar-stock","8":"product_cat-main","9":"product_cat-product","10":"product_tag-brass","11":"product_tag-brass-360","12":"product_tag-brass-3600","14":"first","15":"instock","16":"shipping-taxable","17":"product-type-simple"},"yoast_head":"<!-- This site is optimized with the Yoast SEO plugin v27.3 - https:\/\/yoast.com\/product\/yoast-seo-wordpress\/ -->\n<title>LAITON 360 LAITON JAUNE - Terra Nova Steel &amp; Iron Inc.<\/title>\n<meta name=\"description\" content=\"Commonly used for fasteners as well as auto parts, sensor bodies etc. It produces great finishes and is very durable.\" \/>\n<meta name=\"robots\" content=\"noindex, follow, max-snippet:-1, max-image-preview:large, max-video-preview:-1\" \/>\n<meta property=\"og:locale\" content=\"en_US\" \/>\n<meta property=\"og:type\" content=\"article\" \/>\n<meta property=\"og:title\" content=\"LAITON 360 LAITON JAUNE - Terra Nova Steel &amp; Iron Inc.\" \/>\n<meta property=\"og:description\" content=\"Commonly used for fasteners as well as auto parts, sensor bodies etc. It produces great finishes and is very durable.\" \/>\n<meta property=\"og:url\" content=\"https:\/\/terranovasteel.ca\/wpFrench\/product\/360yellowbrass\/\" \/>\n<meta property=\"og:site_name\" content=\"Terra Nova Steel &amp; Iron Inc.\" \/>\n<meta property=\"article:modified_time\" content=\"2023-09-12T17:30:30+00:00\" \/>\n<meta property=\"og:image\" content=\"https:\/\/terranovasteel.ca\/wpFrench\/wp-content\/uploads\/2019\/03\/BrassFeature3.jpg\" \/>\n\t<meta property=\"og:image:width\" content=\"1138\" \/>\n\t<meta property=\"og:image:height\" content=\"2832\" \/>\n\t<meta property=\"og:image:type\" content=\"image\/jpeg\" \/>\n<meta name=\"twitter:card\" content=\"summary_large_image\" \/>\n<script type=\"application\/ld+json\" class=\"yoast-schema-graph\">{\"@context\":\"https:\\\/\\\/schema.org\",\"@graph\":[{\"@type\":\"WebPage\",\"@id\":\"https:\\\/\\\/terranovasteel.ca\\\/wpFrench\\\/product\\\/360yellowbrass\\\/\",\"url\":\"https:\\\/\\\/terranovasteel.ca\\\/wpFrench\\\/product\\\/360yellowbrass\\\/\",\"name\":\"LAITON 360 LAITON JAUNE - Terra Nova Steel &amp; Iron Inc.\",\"isPartOf\":{\"@id\":\"https:\\\/\\\/terranovasteel.ca\\\/wpFrench\\\/#website\"},\"primaryImageOfPage\":{\"@id\":\"https:\\\/\\\/terranovasteel.ca\\\/wpFrench\\\/product\\\/360yellowbrass\\\/#primaryimage\"},\"image\":{\"@id\":\"https:\\\/\\\/terranovasteel.ca\\\/wpFrench\\\/product\\\/360yellowbrass\\\/#primaryimage\"},\"thumbnailUrl\":\"https:\\\/\\\/terranovasteel.ca\\\/wpFrench\\\/wp-content\\\/uploads\\\/2019\\\/03\\\/BrassFeature3.jpg\",\"datePublished\":\"2019-03-19T13:10:17+00:00\",\"dateModified\":\"2023-09-12T17:30:30+00:00\",\"description\":\"Commonly used for fasteners as well as auto parts, sensor bodies etc. It produces great finishes and is very durable.\",\"breadcrumb\":{\"@id\":\"https:\\\/\\\/terranovasteel.ca\\\/wpFrench\\\/product\\\/360yellowbrass\\\/#breadcrumb\"},\"inLanguage\":\"en-US\",\"potentialAction\":[{\"@type\":\"ReadAction\",\"target\":[\"https:\\\/\\\/terranovasteel.ca\\\/wpFrench\\\/product\\\/360yellowbrass\\\/\"]}]},{\"@type\":\"ImageObject\",\"inLanguage\":\"en-US\",\"@id\":\"https:\\\/\\\/terranovasteel.ca\\\/wpFrench\\\/product\\\/360yellowbrass\\\/#primaryimage\",\"url\":\"https:\\\/\\\/terranovasteel.ca\\\/wpFrench\\\/wp-content\\\/uploads\\\/2019\\\/03\\\/BrassFeature3.jpg\",\"contentUrl\":\"https:\\\/\\\/terranovasteel.ca\\\/wpFrench\\\/wp-content\\\/uploads\\\/2019\\\/03\\\/BrassFeature3.jpg\",\"width\":1138,\"height\":2832,\"caption\":\"Brass 360, Brass 36000\"},{\"@type\":\"BreadcrumbList\",\"@id\":\"https:\\\/\\\/terranovasteel.ca\\\/wpFrench\\\/product\\\/360yellowbrass\\\/#breadcrumb\",\"itemListElement\":[{\"@type\":\"ListItem\",\"position\":1,\"name\":\"Home\",\"item\":\"https:\\\/\\\/terranovasteel.ca\\\/wpFrench\\\/\"},{\"@type\":\"ListItem\",\"position\":2,\"name\":\"ZZ_Shop\",\"item\":\"https:\\\/\\\/terranovasteel.ca\\\/wpFrench\\\/shop\\\/\"},{\"@type\":\"ListItem\",\"position\":3,\"name\":\"LAITON 360 LAITON JAUNE\"}]},{\"@type\":\"WebSite\",\"@id\":\"https:\\\/\\\/terranovasteel.ca\\\/wpFrench\\\/#website\",\"url\":\"https:\\\/\\\/terranovasteel.ca\\\/wpFrench\\\/\",\"name\":\"Terra Nova Steel &amp; Iron Inc.\",\"description\":\"35 years supplying Canada with premium continuous cast iron bar and ductile iron bar\",\"publisher\":{\"@id\":\"https:\\\/\\\/terranovasteel.ca\\\/wpFrench\\\/#organization\"},\"potentialAction\":[{\"@type\":\"SearchAction\",\"target\":{\"@type\":\"EntryPoint\",\"urlTemplate\":\"https:\\\/\\\/terranovasteel.ca\\\/wpFrench\\\/?s={search_term_string}\"},\"query-input\":{\"@type\":\"PropertyValueSpecification\",\"valueRequired\":true,\"valueName\":\"search_term_string\"}}],\"inLanguage\":\"en-US\"},{\"@type\":\"Organization\",\"@id\":\"https:\\\/\\\/terranovasteel.ca\\\/wpFrench\\\/#organization\",\"name\":\"Terra Nova Steel & Iron\",\"url\":\"https:\\\/\\\/terranovasteel.ca\\\/wpFrench\\\/\",\"logo\":{\"@type\":\"ImageObject\",\"inLanguage\":\"en-US\",\"@id\":\"https:\\\/\\\/terranovasteel.ca\\\/wpFrench\\\/#\\\/schema\\\/logo\\\/image\\\/\",\"url\":\"https:\\\/\\\/terranovasteel.ca\\\/wpFrench\\\/wp-content\\\/uploads\\\/2018\\\/02\\\/Headaer-Logo-1.png\",\"contentUrl\":\"https:\\\/\\\/terranovasteel.ca\\\/wpFrench\\\/wp-content\\\/uploads\\\/2018\\\/02\\\/Headaer-Logo-1.png\",\"width\":2092,\"height\":411,\"caption\":\"Terra Nova Steel & Iron\"},\"image\":{\"@id\":\"https:\\\/\\\/terranovasteel.ca\\\/wpFrench\\\/#\\\/schema\\\/logo\\\/image\\\/\"},\"sameAs\":[\"https:\\\/\\\/www.linkedin.com\\\/company\\\/terra-nova-steel-iron-ontario-inc\\\/\"]}]}<\/script>\n<!-- \/ Yoast SEO plugin. -->","yoast_head_json":{"title":"LAITON 360 LAITON JAUNE - Terra Nova Steel &amp; Iron Inc.","description":"Commonly used for fasteners as well as auto parts, sensor bodies etc. It produces great finishes and is very durable.","robots":{"index":"noindex","follow":"follow","max-snippet":"max-snippet:-1","max-image-preview":"max-image-preview:large","max-video-preview":"max-video-preview:-1"},"og_locale":"en_US","og_type":"article","og_title":"LAITON 360 LAITON JAUNE - Terra Nova Steel &amp; Iron Inc.","og_description":"Commonly used for fasteners as well as auto parts, sensor bodies etc. It produces great finishes and is very durable.","og_url":"https:\/\/terranovasteel.ca\/wpFrench\/product\/360yellowbrass\/","og_site_name":"Terra Nova Steel &amp; Iron Inc.","article_modified_time":"2023-09-12T17:30:30+00:00","og_image":[{"width":1138,"height":2832,"url":"https:\/\/terranovasteel.ca\/wpFrench\/wp-content\/uploads\/2019\/03\/BrassFeature3.jpg","type":"image\/jpeg"}],"twitter_card":"summary_large_image","schema":{"@context":"https:\/\/schema.org","@graph":[{"@type":"WebPage","@id":"https:\/\/terranovasteel.ca\/wpFrench\/product\/360yellowbrass\/","url":"https:\/\/terranovasteel.ca\/wpFrench\/product\/360yellowbrass\/","name":"LAITON 360 LAITON JAUNE - Terra Nova Steel &amp; Iron Inc.","isPartOf":{"@id":"https:\/\/terranovasteel.ca\/wpFrench\/#website"},"primaryImageOfPage":{"@id":"https:\/\/terranovasteel.ca\/wpFrench\/product\/360yellowbrass\/#primaryimage"},"image":{"@id":"https:\/\/terranovasteel.ca\/wpFrench\/product\/360yellowbrass\/#primaryimage"},"thumbnailUrl":"https:\/\/terranovasteel.ca\/wpFrench\/wp-content\/uploads\/2019\/03\/BrassFeature3.jpg","datePublished":"2019-03-19T13:10:17+00:00","dateModified":"2023-09-12T17:30:30+00:00","description":"Commonly used for fasteners as well as auto parts, sensor bodies etc. It produces great finishes and is very durable.","breadcrumb":{"@id":"https:\/\/terranovasteel.ca\/wpFrench\/product\/360yellowbrass\/#breadcrumb"},"inLanguage":"en-US","potentialAction":[{"@type":"ReadAction","target":["https:\/\/terranovasteel.ca\/wpFrench\/product\/360yellowbrass\/"]}]},{"@type":"ImageObject","inLanguage":"en-US","@id":"https:\/\/terranovasteel.ca\/wpFrench\/product\/360yellowbrass\/#primaryimage","url":"https:\/\/terranovasteel.ca\/wpFrench\/wp-content\/uploads\/2019\/03\/BrassFeature3.jpg","contentUrl":"https:\/\/terranovasteel.ca\/wpFrench\/wp-content\/uploads\/2019\/03\/BrassFeature3.jpg","width":1138,"height":2832,"caption":"Brass 360, Brass 36000"},{"@type":"BreadcrumbList","@id":"https:\/\/terranovasteel.ca\/wpFrench\/product\/360yellowbrass\/#breadcrumb","itemListElement":[{"@type":"ListItem","position":1,"name":"Home","item":"https:\/\/terranovasteel.ca\/wpFrench\/"},{"@type":"ListItem","position":2,"name":"ZZ_Shop","item":"https:\/\/terranovasteel.ca\/wpFrench\/shop\/"},{"@type":"ListItem","position":3,"name":"LAITON 360 LAITON JAUNE"}]},{"@type":"WebSite","@id":"https:\/\/terranovasteel.ca\/wpFrench\/#website","url":"https:\/\/terranovasteel.ca\/wpFrench\/","name":"Terra Nova Steel &amp; Iron Inc.","description":"35 years supplying Canada with premium continuous cast iron bar and ductile iron bar","publisher":{"@id":"https:\/\/terranovasteel.ca\/wpFrench\/#organization"},"potentialAction":[{"@type":"SearchAction","target":{"@type":"EntryPoint","urlTemplate":"https:\/\/terranovasteel.ca\/wpFrench\/?s={search_term_string}"},"query-input":{"@type":"PropertyValueSpecification","valueRequired":true,"valueName":"search_term_string"}}],"inLanguage":"en-US"},{"@type":"Organization","@id":"https:\/\/terranovasteel.ca\/wpFrench\/#organization","name":"Terra Nova Steel & Iron","url":"https:\/\/terranovasteel.ca\/wpFrench\/","logo":{"@type":"ImageObject","inLanguage":"en-US","@id":"https:\/\/terranovasteel.ca\/wpFrench\/#\/schema\/logo\/image\/","url":"https:\/\/terranovasteel.ca\/wpFrench\/wp-content\/uploads\/2018\/02\/Headaer-Logo-1.png","contentUrl":"https:\/\/terranovasteel.ca\/wpFrench\/wp-content\/uploads\/2018\/02\/Headaer-Logo-1.png","width":2092,"height":411,"caption":"Terra Nova Steel & Iron"},"image":{"@id":"https:\/\/terranovasteel.ca\/wpFrench\/#\/schema\/logo\/image\/"},"sameAs":["https:\/\/www.linkedin.com\/company\/terra-nova-steel-iron-ontario-inc\/"]}]}},"_links":{"self":[{"href":"https:\/\/terranovasteel.ca\/wpFrench\/wp-json\/wp\/v2\/product\/1888","targetHints":{"allow":["GET"]}}],"collection":[{"href":"https:\/\/terranovasteel.ca\/wpFrench\/wp-json\/wp\/v2\/product"}],"about":[{"href":"https:\/\/terranovasteel.ca\/wpFrench\/wp-json\/wp\/v2\/types\/product"}],"version-history":[{"count":0,"href":"https:\/\/terranovasteel.ca\/wpFrench\/wp-json\/wp\/v2\/product\/1888\/revisions"}],"wp:featuredmedia":[{"embeddable":true,"href":"https:\/\/terranovasteel.ca\/wpFrench\/wp-json\/wp\/v2\/media\/1903"}],"wp:attachment":[{"href":"https:\/\/terranovasteel.ca\/wpFrench\/wp-json\/wp\/v2\/media?parent=1888"}],"wp:term":[{"taxonomy":"product_brand","embeddable":true,"href":"https:\/\/terranovasteel.ca\/wpFrench\/wp-json\/wp\/v2\/product_brand?post=1888"},{"taxonomy":"product_cat","embeddable":true,"href":"https:\/\/terranovasteel.ca\/wpFrench\/wp-json\/wp\/v2\/product_cat?post=1888"},{"taxonomy":"product_tag","embeddable":true,"href":"https:\/\/terranovasteel.ca\/wpFrench\/wp-json\/wp\/v2\/product_tag?post=1888"}],"curies":[{"name":"wp","href":"https:\/\/api.w.org\/{rel}","templated":true}]}}